50
(-1 - (23 - 35) - ((4 - -3) + -2)) + -3
3
Calculate -16 - (20 + -7 - 1) - (9 - 5).
-32
What is the value of -66 + (-96 - (136 + -248))?
-50
Evaluate 4 - (-29 - -5 - 0 - -17).
11
Calculate -86 + 77 + -2 - (2 + -1 - 53).
41
-8 - -4 - ((-51 - 3) + (98 - 83))
35
What is 6 - ((431 - 449) + (0 - -5))?
19
(9 + 0 - 2) + (-18 - -49 - 14) + 16
40
What is 11 + 13 + -73 + -24 + 35?
-38
Calculate -16 + (-51 - (11 + -7 + -1 + 4)).
-74
Evaluate (16 - 122) + -11 + 56.
-61
What is the value of 5 + -15 + (-3 + 17 - 9 - -25)?
20
What is the value of (-1 + 1 - (-1 + (-7 - 33))) + -62 + 62?
41
What is -65 - -48 - -26 - (-9 + 0 + 0)?
18
What is 124 + -180 - -114 - 128?
-70
Calculate 962 - 956 - (-3 + (4 - 1) - -13).
-7
What is the value of 9 + -92 + (-7 - (11 + -8 + 5 + -22))?
-76
Calculate 2 - -3 - (-169 + 198).
-24
Evaluate 11 + -60 + (-307 - -405).
49
Evaluate 12 + 0 + (-22 - -19) + (1 - -33).
43
What is the value of 9 + 7 + -16 + (18 + -8 - (4 + -2))?
8
Calculate (-32 - -99) + 51 + -48.
70
Evaluate (-162 - -25 - -98) + -2 + -58.
-99
What is (75 - 51) + -10 + -50?
-36
-328 + 352 - (-68 - -2)
90
What is the value of (311 - 101 - 125) + -69?
16
What is 5 + -1 + -26 + (94 - -14)?
86
What is 17 + (-21 - -21) + 8 + -12 + 6?
19
What is the value of -9 + -25 + 3 + 22 + (16 - 0)?
7
Calculate -1 + (0 - -3) + (-551 + 541 - (1 - 54)).
45
What is (20 - 45) + (24 - 25) + (-1 - -9)?
-18
What is 31 + (-26 + 36 + (-10 - 10) - 2)?
19
Evaluate 104 + 5 - (628 + -576).
57
What is the value of (-102 - -5) + 91 + -46?
-52
What is -2 + 1 + 51 - (11 - (12 - -2 - 11))?
42
What is 64 + ((27 - 88) + 66 - (0 + 2 + -6))?
73
What is the value of (51 - 101) + 44 - (1 + -36)?
29
What is -43 + (56 - 19) - ((10 - 8) + -69)?
61
What is (13 + 13 - 15) + -19 + -60?
-68
Evaluate (50 - (-18 - -33)) + (1 + 1 - -5).
42
What is the value of (5 - -15) + (31 - -9 - 7) - -24?
77
Evaluate (10 - 4) + -3 - (2519 + -2451).
-65
Calculate (6 + -5 - -3) + (7 - 4) + 7 - -8.
22
8 + -114 + 135 + (-2 - 43)
-16
What is 0 + -68 + (-3599 - -3644)?
-23
Calculate 17 - (47 + -48) - 1.
17
-14 - (-21 - -12 - 5) - (2 + -16)
14
What is the value of 51 + (-57 - -37 - -59)?
90
1 - 83 - (-694 + 614)
-2
Calculate -7 + (7 - 1 - 5) + -103 + 104.
-5
Calculate -10 - (-49 + 21 + -2).
20
Evaluate 12 + 70 + -30 + -90.
-38
(-58 - 45) + 79 - 33
-57
What is the value of -21 + (-1 - -2) + 13 - -10?
3
-18 + -25 + 34 + 12
3
Evaluate (1 - -6) + -14 + 93 + (4 - (9 - 2)).
83
What is 11 - 46 - -6 - (-101 - -4)?
68
What is the value of 16 + (14 - -4 - (20 - -64))?
-50
What is the value of -9 - 1 - (168 - (-33 + 165))?
-46
Calculate (-2 - -23 - 12) + 4 + (15 - -14).
42
What is 0 - (-4 + 14 + (-16 - -4 - -10) - -2)?
-10
What is -133 + 55 + 0 + 75?
-3
What is the value of -18 + (37 - 32) + 40 + -127?
-100
Calculate -3 - -36 - (-5 + -5 + (-3 + 10 - -11)).
25
Evaluate 26 + 17 + -59 + -3.
-19
Calculate 33 + 21 + -48 + 2 - -2.
10
What is (3 + -105 - -15) + 36?
-51
Calculate (57 + -8 - 24) + -47.
-22
What is (23 - 42) + (38 - 4) + 2?
17
Evaluate (14 - 88) + (22 - 80 - -85).
-47
Calculate -45 + 51 + -38 - -48.
16
105 + (4 + -7 - -9) + (-15 - (-18 - -21))
93
Evaluate 53 - (-4 + 0 + -4 + -52 + 58).
55
(8 - 11) + -4 - -42 - 12 - 6
17
What is 2 + -4 - (-123 - (-6 + 24 + -35))?
104
Evaluate (-210 - -97) + 91 - 63.
-85
What is the value of 9 + -4 + (9 - (-14 - (0 - 0) - -79))?
-51
Evaluate 56 + -1 - (-2342 + 2334).
63
Calculate -1 - (-2 + 6 + -53 + -6) - (88 - 94).
60
Evaluate 15 + 1 - (-4 - 4) - (19 + 0).
5
What is -13 - (-25 - -21) - -9 - 14?
-14
What is 5 - ((10 - -1) + (1 - (24 - 19)))?
-2
What is 2 - (4 - -6) - -2 - 37?
-43
Evaluate 19 + -2 + 172 + (-358 - -199).
30
Calculate -977 - -982 - (14 + (-3 - (-5 - -6))).
-5
What is (7 + -6 + -20 - -24) + 49?
54
What is the value of -22 + 36 - (61 - (11 + -11 - -6))?
-41
Evaluate 1 - -136 - (3319 + -3236).
54
Calculate 62 + 5 - -3 - (-324 + 352).
42
Calculate (4 - 38) + 2 + -8 + 13.
-27
Calculate -318 - -310 - (3 + 9 + -1).
-19
Calculate 35 - (-17 - -63) - -40.
29
-1 + -5 + 220 + -164 - (3 - 2)
49
Calculate (122 - (79 - -184)) + -2 + 13 + -3.
-133
39 - (-5 + 43 + 21)
-20
(2 - 6 - -35) + -84
-53
What is the value of 7 + -4 - -62 - 115?
-50
What is (-1 - 130) + (-294 - -306 - (7 - (-7 - -8)))?
-125
Calculate 14 - (6 - (-6 + (-7 - -10))) - -61.
66
What is -132 - ((-27 - 1) + -31)?
-73
Calculate -12 + -56 - (37 - 23 - (3 - -21)).
-58
Evaluate (-7 - (29 - 8)) + -4 - -13.
-19
47 + (14 + -25 - (14 - 18))
40
Calculate 1 - -1 - (-16 + (38 - (8 - -5)) + 91).
-98
What is ((9 - 20) + -7 - 11) + 16?
-13
Evaluate 10 - ((28 - 34) + -103 + 23).
96
-41 - (-50 + 24 + 64)
-79
What is (-1 - (8 + -26) - 29) + 25 + 13?
26
(-25 - (-58 - -32) - (-1 + -21)) + 0 + 0
23
What is the value of 11 - (13 - 2 - 6) - (42 + 5 - 5)?
-36
What is the value of 6 + -3 + -77 + -1 + (-62 - -48 - -4)?
-85
Evaluate 11 - (8 - 12 - -12 - -5).
-2
What is the value of 20 + 0 + -2 + (-6203 - -6234)?
49
Calculate 15 + -23 + -16 + 25 - (2 + -37 + 1).
35
Evaluate 90 - (89 + -20 - 16).
37
-151 + 61 - -75 - (-30 + 1)
14
Calculate 12 - -56 - (-219 + 232).
55
What is -9 - (70 - (-5 + 61) - (15 - -1)) - -81?
74
2 + -16 + (-18 - (-104 + -9 + 35))
46
What is the value of (1 - 2) + 19 - ((-1187 - -756) + 436)?
13
Evaluate -2 + 72 - (769 - 560).
-139
What is the value of ((8 - -98) + -15 + -15 - 1) + -14?
61
What is the value of 1 - (-9 + (-4 - -62 - (-10 + (13 - 5))))?
-50
(13 - (5 - 3)) + (-48 - (-72 - -30))
5
Evaluate -74 - (-74 - (-65 + 21)).
-44
Evaluate (-20 - -42) + (-11 - (1 + -2)) - (3 - 25).
34
What is the value of (5 - -16) + -58 + -4 - 24?
-65
15 + -661 + 678 + -59 + 3 + 1
-23
Calculate 215 + 60 + -259 - (-16 - (0 + 0)).
32
Calculate (40 - 4) + 1 + -6 + (-2 - (12 + -10)).
27
What is the value of -7 + 0 + 8 + 13 + -51?
-37
Calculate (9 - (-10 + 3)) + 1 + (-21 - -36).
32
What is the value of 71 + 2 - ((-2 - -10 - 16) + -93 + 103)?
71
What is the value of (10 - 1) + (565 - 570) - 80?
-76
What is the value of 2 - (20 - 23) - (0 - 3) - 2 - -61?
67
Calculate (-1 - -6) + -2 + -9 + (18 + -4 - 13).
-5
What is -1 + 26 + 178 + -611 + 493?
85
What is the value of 15850 + -15881 + (1 - 84)?
-114
-20 - (32 - 12 - (4 + 49))
13
What is -57 + 97 + -48 - (-2 - (-2 + -27))?
-35
What is 1 - (-10 - (26 + -7 - 39))?
-9
What is the value of -71 + 59 + -42 + (10 - 0) + 2?
-42
(-47 - (-18 + -14)) + (-3 - (14 + 1))
-33
What is the value of (-2 - -49) + -20 + 37 + -8 - 7 - -6?
55
What is the value of (30 - (59 - 15)) + 41?
27
Evaluate -86 + (-1 - -48) + 1068 + -1073.
-44
Calculate (1 - 13) + (-11 - -2 - (0 + -18)) + -20.
-23
What is 2 + (0 + 7 - -1) + -214 + (448 - 247)?
-3
What is the value of 11 - 15 - (8 + 2 - 38 - (-1 + -3))?
20
What is the value of -1 + 25 - ((94 - 108) + 51) - 53?
-66
What is 4 + -29 + 40 - (-3 + 6 + -128)?
140
What is 17 + ((129 - 44) + -86 - (1 - 2))?
17
What is the value of (1 - 1) + 20 + (-242 - (-58 - 133))?
-31
What is the value of (-20 - (-8 - 22)) + (37 + -4 - -5)?
48
-12 + 12 + (-13 - (-17 - -3)) + 22
23
Evaluate 29 - (97 + (-80 - -38)).
-26
Calculate 6 - 1 - 24 - (32 - (18 + 4)).
-29
Evaluate -74 + (4 + 24 + -2 - 3).
-51
Calculate -99 + (-43 + 56 - 39) + 36.
-89
Calculate -5 + 4 - (-72 + (46 - -3)).
22
What is -1 + 41 - (-5317 + 5278)?
79
Calculate 103 + (51 - (49 - -85)).
20
What is 1 + 17 + -116 + 200 + -66?
36
What is the value of 2 + 1 + 3 + -10 + 172 + -155 + -3?
10
Calculate -59 - (-64 + 164) - -95.
-64
What is the value of (-2 - -4) + -3 - (17 + -8 + 20 - 39)?
9
Evaluate -7 + -15 + (9 - 2 - (39 - 30)).
-24
What is (17 - 2) + (-612 - -649)?
52
What is 17 + 0 + (11 + -6 + -7 - (-52 - -61))?
6
Calculate -13 + (-16 - (-21 - -10)) + 6.
-12
What is the value of (174 + -114 - 96) + -28?
-64
Calculate -4 - -6 - 20 - (-17 + 25 - 12).
-14
What is 7 + 7 + -53 + -4 + -8 + (17 - 6)?
-40
What is -158 + 153 - (5 - 47 - -7)?
30
17 + -55 - (4 - 1)
-41
-21 - 6 - (62 + -107)
18
Calculate (15 - (11 - 0) - 5) + 6 - 25.
-20
What is 2 + -10 + (-15 - -24) + (5 + -6 - 4)?
-4
What is -203 + 2 + (-26 - -154)?
-73
4 + -6 - 24 - (3 - 40 - -54)
-43
-69 - -14 - -24 - (-7 + 1 - -17)
-42
What is (33 - 39 - 58 - -6) + -22?
-80
Evaluate 2 + 4 + (-6 + 10 + (11 - 9) - -51).
63
What is (-36 - 0) + 279 + -249 + -41 + 4?
-43
Calculate -5648 + 5651 - (0 - 7).
10
Calculate -79 + 131 -